{"id":67,"date":"2015-06-12T06:09:09","date_gmt":"2015-06-12T06:09:09","guid":{"rendered":"http:\/\/test.servicentroejecutivo.com\/wp\/?page_id=67"},"modified":"2018-03-07T03:20:09","modified_gmt":"2018-03-07T03:20:09","slug":"ncr-aloha-pos","status":"publish","type":"page","link":"https:\/\/servicentroejecutivo.com\/index.php\/ncr-aloha-pos\/","title":{"rendered":"NCR Aloha POS"},"content":{"rendered":"<p><a href=\"http:\/\/test.servicentroejecutivo.com\/wp\/wp-content\/uploads\/2015\/06\/imagen-1.jpg\"><img decoding=\"async\" loading=\"lazy\" class=\"alignnone size-medium wp-image-12\" src=\"http:\/\/test.servicentroejecutivo.com\/wp\/wp-content\/uploads\/2015\/06\/imagen-1-239x300.jpg\" alt=\"imagen 1\" width=\"239\" height=\"300\" srcset=\"https:\/\/servicentroejecutivo.com\/wp-content\/uploads\/2015\/06\/imagen-1-239x300.jpg 239w, https:\/\/servicentroejecutivo.com\/wp-content\/uploads\/2015\/06\/imagen-1.jpg 264w\" sizes=\"(max-width: 239px) 100vw, 239px\" \/><\/a><\/p>\n<p>NCR Aloha POS\u2122 es el sistema para restaurantes l\u00edder a nivel mundial, su interfaz gr\u00e1fica es intuitiva y junto con las terminales NCR de pantalla t\u00e1ctil, lo convierten en un sistema poderoso y muy f\u00e1cil de usar. El sistema NCR Aloha POS\u2122 le permite agilizar su servicio ya que le ofrece la oportunidad de mejorar la rotaci\u00f3n de mesas y el cobro de cuentas y es tan flexible que puede operar con su hardware ya existente o bien con el hardware de NCR espec\u00edficamente dise\u00f1ado para la industria restaurantera.<\/p>\n<p>Presenta gran variedad de informes que permiten a los administradores la toma de decisiones y control de ventas y costos. Aloha es un software 100% Windows que ha revolucionado el camino de los negocios de los restaurantes y negocios de Retail permitiendo dar agilidad a procesos tales como: Tomar una orden de un cliente, separar\u00a0cuentas, modificar un art\u00edculo para ordenarlo sin cebolla, u operaciones m\u00e1s complejas y al mismo tiempo tan simples como lo es una transferencia de mesas, o el control del efectivo y procesamiento electr\u00f3nico de tarjetas de cr\u00e9dito, entre otros procesos que puede realizar el POS. Procesos que se pueden realizar con s\u00f3lo tocar la pantalla y con un curva de aprendizaje m\u00ednima.<\/p>\n<p>Aloha POS permite realizar las operaciones de las tiendas con un alto grado de seguridad y auditoria, permitiendo el control total de\u00a0la operaci\u00f3n y\u00a0obteniendo los beneficios del extenso set de funciones de informes que proporciona, respetando siempre las regulaciones fiscales y controles establecidos por la SAR en Honduras.<\/p>\n<p>&nbsp;<\/p>\n<p><iframe loading=\"lazy\" src=\"https:\/\/www.youtube.com\/embed\/EbRcmiT_YBI\" width=\"560\" height=\"315\" frameborder=\"0\" allowfullscreen=\"allowfullscreen\"><\/iframe><\/p>\n","protected":false},"excerpt":{"rendered":"<p>NCR Aloha POS\u2122 es el sistema para restaurantes l\u00edder a nivel mundial, su interfaz gr\u00e1fica es intuitiva y junto con las terminales NCR de pantalla t\u00e1ctil, lo convierten en un sistema poderoso y muy f\u00e1cil de usar. El sistema NCR Aloha POS\u2122 le permite agilizar su servicio ya que le ofrece la oportunidad de mejorar <a class=\"more-link\" href=\"https:\/\/servicentroejecutivo.com\/index.php\/ncr-aloha-pos\/\">Read More &#8230;<\/a><\/p>\n","protected":false},"author":1,"featured_media":0,"parent":0,"menu_order":0,"comment_status":"closed","ping_status":"open","template":"","meta":[],"_links":{"self":[{"href":"https:\/\/servicentroejecutivo.com\/index.php\/wp-json\/wp\/v2\/pages\/67"}],"collection":[{"href":"https:\/\/servicentroejecutivo.com\/index.php\/wp-json\/wp\/v2\/pages"}],"about":[{"href":"https:\/\/servicentroejecutivo.com\/index.php\/wp-json\/wp\/v2\/types\/page"}],"author":[{"embeddable":true,"href":"https:\/\/servicentroejecutivo.com\/index.php\/wp-json\/wp\/v2\/users\/1"}],"replies":[{"embeddable":true,"href":"https:\/\/servicentroejecutivo.com\/index.php\/wp-json\/wp\/v2\/comments?post=67"}],"version-history":[{"count":3,"href":"https:\/\/servicentroejecutivo.com\/index.php\/wp-json\/wp\/v2\/pages\/67\/revisions"}],"predecessor-version":[{"id":464,"href":"https:\/\/servicentroejecutivo.com\/index.php\/wp-json\/wp\/v2\/pages\/67\/revisions\/464"}],"wp:attachment":[{"href":"https:\/\/servicentroejecutivo.com\/index.php\/wp-json\/wp\/v2\/media?parent=67"}],"curies":[{"name":"wp","href":"https:\/\/api.w.org\/{rel}","templated":true}]}}